{"id":34277,"date":"2023-12-11T11:55:25","date_gmt":"2023-12-11T11:55:25","guid":{"rendered":"https:\/\/www.rtecomponenti.it\/prodotto\/pvc-ul-ummantelung\/"},"modified":"2024-06-11T06:29:41","modified_gmt":"2024-06-11T06:29:41","slug":"pvc-ul-ummantelung","status":"publish","type":"product","link":"https:\/\/www.rtecomponenti.it\/de\/prodikt\/pvc-mantel\/pvc-mantel-105c\/pvc-ul-ummantelung\/","title":{"rendered":"PVC-UL-Ummantelung"},"content":{"rendered":"<h2>Selbstverl\u00f6schende PVC-Ummantelung \u201ePVC-UL-Serie\u201c<\/h2>\n<ul>\n<li><b>Material:<\/b> PVC<\/li>\n<li><b>Serie: <\/b>105\u00b0<\/li>\n<li><b>Anwendungsbereich:<\/b> Beschichtung, Verkabelung und industrielle Isolierung<\/li>\n<li><strong>Farben:<\/strong> Schwarz &#8211; Wei\u00df &#8211; Rot &#8211; Gr\u00fcn &#8211; Gelb &#8211; Blau &#8211; Grau<\/li>\n<li><strong>H\u00e4rte Shore A:<\/strong> 91 \u00b1 02 nach ISO868<\/li>\n<li><strong>Betriebstemperatur:<\/strong> -15\u00b0C bis +105\u00b0C<\/li>\n<li><strong>Selbstl\u00f6schung:<\/strong> Selbstl\u00f6schend nach UL 224 VW-1<\/li>\n<li><strong>Bruchlast: <\/strong>\u2265 16 N\/mm<sup>2 <\/sup>nach ISO527<\/li>\n<li><strong>\u00d6lbest\u00e4ndig:<\/strong> Klasse 01 nach UL 224 VW-1<\/li>\n<li><strong>Volumenwiderstand bei 20\u00b0C:<\/strong>\u00a0 5&#215;10<sup>13 <\/sup>\u03a9\/cm\u00a0gem\u00e4\u00df ASTMD257<\/li>\n<li><strong>Zugfestigkeit nach Alterung (7 Tage):<\/strong> 17 MPa<\/li>\n<li><strong>Bruchdehnung:<\/strong> 270% nach ISO527<\/li>\n<li><strong>Spezifisches Gewicht:<\/strong> 1,44 \u00b1 0,02% gr\/cm<sup>3 <\/sup>gem\u00e4\u00df ISO1183<\/li>\n<li><strong>Wasseraufnahme:<\/strong> 0,3% nach ASTMD570<\/li>\n<li><strong>Informationen zur Lagerung:<\/strong> PVC-UL muss in unge\u00f6ffneten oder zerrissenen Verpackungen gelagert werden, die vor direkter Sonneneinstrahlung und Witterungseinfl\u00fcssen gesch\u00fctzt<\/li>\n<\/ul>\n<p>sind<\/p>\n","protected":false},"excerpt":{"rendered":"<p><strong>SELBSTVERL\u00d6SCHENDE PVC-UMMANTELUNG &#8222;PVC-UL-SERIE&#8220;<\/strong><\/p>\n<p>Die PVC-Ummantelung der Serie PVC-UL ist eine selbstverl\u00f6schende Ummantelung mit hervorragenden physikalischen und elektrischen Eigenschaften. Die PVC-UL-Ummantelung eignet sich ideal f\u00fcr allgemeine Anwendungen in den Bereichen Beschichtung, Verkabelung und Isolierung und kann in den unterschiedlichsten Industriezweigen eingesetzt werden, z. B. in der Automobilindustrie, in Haushaltsger\u00e4ten und in der Elektroverkabelung.<\/p>\n<ul>\n<li><b>Serie: <\/b>PVC 105\u00b0<\/li>\n<li><strong>Verf\u00fcgbare Durchmesser: <\/strong>von 2.0mm bis 22.0mm<\/li>\n<li><b>Betriebstemperatur:<\/b> von -15\u00b0 C bis +105\u00b0 C<\/li>\n<li><b>Entspricht den Normen: <\/b><em>ISO868, UL 224 VW-1, ASTMD257, ISO527, ISO1183, ASTMD570<\/em><\/li>\n<\/ul>\n<p><span style=\"font-weight: 400;\">Zulassung: <\/span><img decoding=\"async\" src=\"\/staging\/wp-content\/uploads\/2023\/12\/CRUUS.webp\" \/><a href=\"https:\/\/drive.google.com\/file\/d\/1--W6OD0Z9YvPB9PApjKX_vHkH0CZiHPT\/view?usp=sharing\"><span style=\"font-weight: 400;\"> File 305771<\/span><span style=\"font-weight: 400;\"><br \/>\n<\/span><\/a><\/p>\n[elementor-template id=\"28392\"]\n","protected":false},"featured_media":31879,"comment_status":"closed","ping_status":"closed","template":"","meta":{"_monsterinsights_skip_tracking":false,"_monsterinsights_sitenote_active":false,"_monsterinsights_sitenote_note":"","_monsterinsights_sitenote_category":0},"product_brand":[],"product_cat":[1080,1081],"product_tag":[],"class_list":{"0":"post-34277","1":"product","2":"type-product","3":"status-publish","4":"has-post-thumbnail","6":"product_cat-pvc-mantel","7":"product_cat-pvc-mantel-105c","9":"first","10":"instock","11":"shipping-taxable","12":"product-type-simple"},"_links":{"self":[{"href":"https:\/\/www.rtecomponenti.it\/de\/wp-json\/wp\/v2\/product\/34277","targetHints":{"allow":["GET"]}}],"collection":[{"href":"https:\/\/www.rtecomponenti.it\/de\/wp-json\/wp\/v2\/product"}],"about":[{"href":"https:\/\/www.rtecomponenti.it\/de\/wp-json\/wp\/v2\/types\/product"}],"replies":[{"embeddable":true,"href":"https:\/\/www.rtecomponenti.it\/de\/wp-json\/wp\/v2\/comments?post=34277"}],"version-history":[{"count":0,"href":"https:\/\/www.rtecomponenti.it\/de\/wp-json\/wp\/v2\/product\/34277\/revisions"}],"wp:featuredmedia":[{"embeddable":true,"href":"https:\/\/www.rtecomponenti.it\/de\/wp-json\/wp\/v2\/media\/31879"}],"wp:attachment":[{"href":"https:\/\/www.rtecomponenti.it\/de\/wp-json\/wp\/v2\/media?parent=34277"}],"wp:term":[{"taxonomy":"product_brand","embeddable":true,"href":"https:\/\/www.rtecomponenti.it\/de\/wp-json\/wp\/v2\/product_brand?post=34277"},{"taxonomy":"product_cat","embeddable":true,"href":"https:\/\/www.rtecomponenti.it\/de\/wp-json\/wp\/v2\/product_cat?post=34277"},{"taxonomy":"product_tag","embeddable":true,"href":"https:\/\/www.rtecomponenti.it\/de\/wp-json\/wp\/v2\/product_tag?post=34277"}],"curies":[{"name":"wp","href":"https:\/\/api.w.org\/{rel}","templated":true}]}}

<h2>Selbstverlöschende PVC-Ummantelung „PVC-UL-Serie“</h2>
<ul>
<li><b>Material:</b> PVC</li>
<li><b>Serie: </b>105°</li>
<li><b>Anwendungsbereich:</b> Beschichtung, Verkabelung und industrielle Isolierung</li>
<li><strong>Farben:</strong> Schwarz &#8211; Weiß &#8211; Rot &#8211; Grün &#8211; Gelb &#8211; Blau &#8211; Grau</li>
<li><strong>Härte Shore A:</strong> 91 ± 02 nach ISO868</li>
<li><strong>Betriebstemperatur:</strong> -15°C bis +105°C</li>
<li><strong>Selbstlöschung:</strong> Selbstlöschend nach UL 224 VW-1</li>
<li><strong>Bruchlast: </strong>≥ 16 N/mm<sup>2 </sup>nach ISO527</li>
<li><strong>Ölbeständig:</strong> Klasse 01 nach UL 224 VW-1</li>
<li><strong>Volumenwiderstand bei 20°C:</strong>  5&#215;10<sup>13 </sup>Ω/cm gemäß ASTMD257</li>
<li><strong>Zugfestigkeit nach Alterung (7 Tage):</strong> 17 MPa</li>
<li><strong>Bruchdehnung:</strong> 270% nach ISO527</li>
<li><strong>Spezifisches Gewicht:</strong> 1,44 ± 0,02% gr/cm<sup>3 </sup>gemäß ISO1183</li>
<li><strong>Wasseraufnahme:</strong> 0,3% nach ASTMD570</li>
<li><strong>Informationen zur Lagerung:</strong> PVC-UL muss in ungeöffneten oder zerrissenen Verpackungen gelagert werden, die vor direkter Sonneneinstrahlung und Witterungseinflüssen geschützt</li>
</ul>
<p>sind</p>

<p><strong>SELBSTVERLÖSCHENDE PVC-UMMANTELUNG &#8222;PVC-UL-SERIE&#8220;</strong></p>
<p>Die PVC-Ummantelung der Serie PVC-UL ist eine selbstverlöschende Ummantelung mit hervorragenden physikalischen und elektrischen Eigenschaften. Die PVC-UL-Ummantelung eignet sich ideal für allgemeine Anwendungen in den Bereichen Beschichtung, Verkabelung und Isolierung und kann in den unterschiedlichsten Industriezweigen eingesetzt werden, z. B. in der Automobilindustrie, in Haushaltsgeräten und in der Elektroverkabelung.</p>
<ul>
<li><b>Serie: </b>PVC 105°</li>
<li><strong>Verfügbare Durchmesser: </strong>von 2.0mm bis 22.0mm</li>
<li><b>Betriebstemperatur:</b> von -15° C bis +105° C</li>
<li><b>Entspricht den Normen: </b><em>ISO868, UL 224 VW-1, ASTMD257, ISO527, ISO1183, ASTMD570</em></li>
</ul>
<p><span style="font-weight: 400;">Zulassung: </span><img decoding="async" src="/staging/wp-content/uploads/2023/12/CRUUS.webp" /><a href="https://drive.google.com/file/d/1--W6OD0Z9YvPB9PApjKX_vHkH0CZiHPT/view?usp=sharing"><span style="font-weight: 400;"> File 305771</span><span style="font-weight: 400;"><br />
</span></a></p>
[elementor-template id="28392"]
